{"id":598,"date":"2020-10-22T05:34:03","date_gmt":"2020-10-22T05:34:03","guid":{"rendered":"https:\/\/mrhandy.cymolthemes.com\/cleaning\/?page_id=598"},"modified":"2022-06-14T16:47:06","modified_gmt":"2022-06-14T14:47:06","slug":"about-us-3","status":"publish","type":"page","link":"https:\/\/rennovcanalisation.fr\/?page_id=598","title":{"rendered":"Plomberie g\u00e9n\u00e9rale"},"content":{"rendered":"<p>[vc_row cmt_bgimagefixed=\u00a0\u00bb\u00a0\u00bb full_width=\u00a0\u00bbstretch_row\u00a0\u00bb css=\u00a0\u00bb.vc_custom_1606129337771{padding-top: 72px !important;padding-bottom: 19px !important;}\u00a0\u00bb cmt_responsive_css=\u00a0\u00bb46586298|colbreak_no|||||||||colbreak_no|||||50px||||colbreak_no||||||||||colbreak_no|||||||||\u00a0\u00bb][vc_column]<div class=\"cmt-element-heading-wrapper cmt-sboxheading-inner cmt-sboxelement-align-center cmt-seperator-none cmt-sboxheading-style-vertical \"><section class=\"cmt-sboxvc_cta3-container\"><div class=\"cmt-vc_general cmt-sboxvc_cta3 cmt-sboxcta3-only cmt-sboxvc_cta3-style-classic cmt-sboxvc_cta3-shape-rounded cmt-sboxvc_cta3-align-center cmt-sboxvc_cta3-color-transparent cmt-sboxvc_cta3-icon-size-md cmt-sboxvc_cta3-actions-no cmt-sboxcta3-with-desc\"><div class=\"cmt-vc_cta3_content-container\"><div class=\"cmt-vc_cta3-content\"><header class=\"cmt-vc_cta3-content-header cmt-section-wrapper \"><div class=\"cmt-sboxvc_cta3-headers cmt-section-wrapper-cell\"><h2 class=\"cmt-custom-heading \" >Nos service de plomberie g\u00e9n\u00e9rale<\/h2>\n<\/div><div class=\"heading-seperator\"><span><\/span><\/div><\/header><div class=\"cmt-sboxcta3-content-wrapper\"><p>Vous trouverez ci-dessous les diff\u00e9rents services de plomberie g\u00e9n\u00e9rale que nous proposons.<\/p><\/div><\/div><\/div><\/div><\/section><\/div> <!-- .cmt-element-heading-wrapper container --> [vc_tta_tabs style=\u00a0\u00bbflat\u00a0\u00bb shape=\u00a0\u00bbrounded\u00a0\u00bb spacing=\u00a0\u00bb25&Prime; gap=\u00a0\u00bb35&Prime; alignment=\u00a0\u00bbcenter\u00a0\u00bb active_section=\u00a0\u00bb2&Prime; css=\u00a0\u00bb.vc_custom_1605250305972{padding-top: 15px !important;}\u00a0\u00bb el_class=\u00a0\u00bbcmt-tab-text-white\u00a0\u00bb][vc_tta_section i_icon_cmt_mrhandy=\u00a0\u00bbcmt_mrhandy flaticon-roll\u00a0\u00bb add_icon=\u00a0\u00bbtrue\u00a0\u00bb title=\u00a0\u00bbChauffage\u00a0\u00bb tab_id=\u00a0\u00bb1602146438950-ec3ec57f-8214&Prime;][vc_column_text]L\u2019installation d\u2019un chauffage central se d\u00e9compose en 3 composants principaux : le\u00a0<strong>syst\u00e8me de chauffage<\/strong>, le\u00a0<strong>circuit de distribution<\/strong>\u00a0et les\u00a0<strong>appareils de chauffage<\/strong>. L\u2019ensemble des composants forme un circuit ferm\u00e9 qui chauffe toutes les pi\u00e8ces de la maison.[\/vc_column_text][vc_row_inner][vc_column_inner width=\u00a0\u00bb1\/4&Prime;]<ul class=\"cmt-list cmt-list-style-icon cmt-list-icon-color-skincolor cmt-sbox cmt-sboxicon-skincolor cmt-list-textsize- cmt-list-icon-library-fontawesome\"><li><i class=\"cmt-skincolor fa fa-caret-right\"><\/i>  <span class=\"cmt-list-li-content\">Syst\u00e8me de chauffage<\/span><\/li><li><i class=\"cmt-skincolor fa fa-caret-right\"><\/i>  <span class=\"cmt-list-li-content\">Circuit de distribution<\/span><\/li><li><i class=\"cmt-skincolor fa fa-caret-right\"><\/i>  <span class=\"cmt-list-li-content\">Appareils de chauffage<\/span><\/li><\/ul>[\/vc_column_inner][vc_column_inner width=\u00a0\u00bb1\/4&Prime;][vc_btn title=\u00a0\u00bbAcc\u00e9der \u00e0 ces services\u00a0\u00bb color=\u00a0\u00bbdanger\u00a0\u00bb link=\u00a0\u00bburl:https%3A%2F%2Frennovcanalisation.fr%2F%3Fpage_id%3D1360&Prime;][\/vc_column_inner][vc_column_inner width=\u00a0\u00bb1\/4&Prime;][\/vc_column_inner][vc_column_inner width=\u00a0\u00bb1\/4&Prime;][\/vc_column_inner][\/vc_row_inner][\/vc_tta_section][vc_tta_section i_icon_cmt_mrhandy=\u00a0\u00bbcmt_mrhandy flaticon-roll\u00a0\u00bb add_icon=\u00a0\u00bbtrue\u00a0\u00bb title=\u00a0\u00bbRobinetterie\u00a0\u00bb tab_id=\u00a0\u00bb1655213848403-60313c0c-d8c3&Prime;][vc_column_text]Besoin d\u2019une intervention de plomberie pour installer un nouveau lavabo pour votre salle de bain ou bien un \u00e9vier neuf pour votre cuisine ou alors un robinet ? Choisissez parmi le panel de propositions ce qui vous correspond et demander une estimation du co\u00fbt rapide et facile.[\/vc_column_text][vc_row_inner][vc_column_inner width=\u00a0\u00bb1\/4&Prime;]<ul class=\"cmt-list cmt-list-style-icon cmt-list-icon-color-skincolor cmt-sbox cmt-sboxicon-skincolor cmt-list-textsize- cmt-list-icon-library-fontawesome\"><li><i class=\"cmt-skincolor fa fa-caret-right\"><\/i>  <span class=\"cmt-list-li-content\">Installation ou d\u00e9placement de robinets<\/span><\/li><li><i class=\"cmt-skincolor fa fa-caret-right\"><\/i>  <span class=\"cmt-list-li-content\">Pose ou d\u00e9placement d'un \u00e9vier ou d'un lavabo<\/span><\/li><\/ul>[\/vc_column_inner][vc_column_inner width=\u00a0\u00bb1\/4&Prime;][vc_btn title=\u00a0\u00bbAcc\u00e9der \u00e0 ces services\u00a0\u00bb color=\u00a0\u00bbdanger\u00a0\u00bb link=\u00a0\u00bburl:https%3A%2F%2Frennovcanalisation.fr%2F%3Fpage_id%3D1363&Prime;][\/vc_column_inner][vc_column_inner width=\u00a0\u00bb1\/4&Prime;][\/vc_column_inner][vc_column_inner width=\u00a0\u00bb1\/4&Prime;][\/vc_column_inner][\/vc_row_inner][\/vc_tta_section][vc_tta_section i_icon_cmt_mrhandy=\u00a0\u00bbcmt_mrhandy flaticon-roll\u00a0\u00bb add_icon=\u00a0\u00bbtrue\u00a0\u00bb title=\u00a0\u00bbInstallation WC, salle de bain\u00a0\u00bb tab_id=\u00a0\u00bb1655213988769-481d0eef-a0a8&Prime;][vc_column_text]Vous souhaitez r\u00e9nover votre logement et faire installer un WC dans vos toilettes, une nouvelle douche ou une baignoire dans votre salle de bain ? Obtenez une estimation du co\u00fbt de votre installation en quelques clics.[\/vc_column_text][vc_row_inner][vc_column_inner width=\u00a0\u00bb1\/4&Prime;][\/vc_column_inner][vc_column_inner width=\u00a0\u00bb1\/4&Prime;][\/vc_column_inner][vc_column_inner width=\u00a0\u00bb1\/4&Prime;]<ul class=\"cmt-list cmt-list-style-icon cmt-list-icon-color-skincolor cmt-sbox cmt-sboxicon-skincolor cmt-list-textsize- cmt-list-icon-library-fontawesome\"><li><i class=\"cmt-skincolor fa fa-caret-right\"><\/i>  <span class=\"cmt-list-li-content\">Installation ou d\u00e9placement WC<\/span><\/li><li><i class=\"cmt-skincolor fa fa-caret-right\"><\/i>  <span class=\"cmt-list-li-content\">Installation ou d\u00e9placement douche<\/span><\/li><li><i class=\"cmt-skincolor fa fa-caret-right\"><\/i>  <span class=\"cmt-list-li-content\">Installation ou d\u00e9placement baignoire<\/span><\/li><\/ul>[\/vc_column_inner][vc_column_inner width=\u00a0\u00bb1\/4&Prime;][vc_btn title=\u00a0\u00bbAcc\u00e9der \u00e0 ces services\u00a0\u00bb color=\u00a0\u00bbdanger\u00a0\u00bb link=\u00a0\u00bburl:https%3A%2F%2Frennovcanalisation.fr%2F%3Fpage_id%3D1440&Prime;][\/vc_column_inner][\/vc_row_inner][\/vc_tta_section][vc_tta_section i_icon_cmt_mrhandy=\u00a0\u00bbcmt_mrhandy flaticon-roll\u00a0\u00bb add_icon=\u00a0\u00bbtrue\u00a0\u00bb title=\u00a0\u00bbEvacuation\u00a0\u00bb tab_id=\u00a0\u00bb1655214105242-ce6b3d67-5c26&Prime;][vc_column_text]La tuyauterie permet d\u2019alimenter votre maison en eau et d\u2019\u00e9vacuer les eaux us\u00e9e. D\u2019o\u00f9 l\u2019importance des raccords ou installation de tuyauterie et des joints. Vous constatez que l\u2019eau s\u2019\u00e9coule de votre tuyauterie mais vous ne savez pas d\u2019o\u00f9 ? Un plombier r\u00e9alise pour vous cette recherche de fuite.[\/vc_column_text][vc_row_inner][vc_column_inner width=\u00a0\u00bb1\/4&Prime;][\/vc_column_inner][vc_column_inner width=\u00a0\u00bb1\/4&Prime;][\/vc_column_inner][vc_column_inner width=\u00a0\u00bb1\/4&Prime;]<ul class=\"cmt-list cmt-list-style-icon cmt-list-icon-color-skincolor cmt-sbox cmt-sboxicon-skincolor cmt-list-textsize- cmt-list-icon-library-fontawesome\"><li><i class=\"cmt-skincolor fa fa-caret-right\"><\/i>  <span class=\"cmt-list-li-content\">Installation et raccords de tuyauterie<\/span><\/li><li><i class=\"cmt-skincolor fa fa-caret-right\"><\/i>  <span class=\"cmt-list-li-content\">Joints<\/span><\/li><li><i class=\"cmt-skincolor fa fa-caret-right\"><\/i>  <span class=\"cmt-list-li-content\">Recherche d'une fuite<\/span><\/li><\/ul>[\/vc_column_inner][vc_column_inner width=\u00a0\u00bb1\/4&Prime;][vc_btn title=\u00a0\u00bbAcc\u00e9der \u00e0 ces services\u00a0\u00bb color=\u00a0\u00bbdanger\u00a0\u00bb link=\u00a0\u00bburl:https%3A%2F%2Frennovcanalisation.fr%2F%3Fpage_id%3D1438&Prime;][\/vc_column_inner][\/vc_row_inner][\/vc_tta_section][\/vc_tta_tabs][\/vc_column][\/vc_row][vc_row cmt_bgimagefixed=\u00a0\u00bb\u00a0\u00bb break_in_responsive=\u00a0\u00bb991&Prime; full_width=\u00a0\u00bbstretch_row\u00a0\u00bb css=\u00a0\u00bb.vc_custom_1606129275447{padding-top: 91px !important;padding-bottom: 81px !important;}\u00a0\u00bb cmt_responsive_css=\u00a0\u00bb63902190|colbreak_no|||||||||colbreak_no|||||15px||30px||colbreak_no||||||||||colbreak_no|||||||||\u00a0\u00bb][vc_column width=\u00a0\u00bb1\/2&Prime;][vc_single_image image=\u00a0\u00bb1093&Prime; img_size=\u00a0\u00bbfull\u00a0\u00bb][vc_row_inner el_class=\u00a0\u00bbcmt-bgcolor-white\u00a0\u00bb css=\u00a0\u00bb.vc_custom_1604659840791{margin-top: -360px !important;margin-right: 150px !important;margin-left: 150px !important;}\u00a0\u00bb cmt_responsive_css=\u00a0\u00bb44818462|colbreak_no|||||||||colbreak_no|0px|-15px||-15px|||||colbreak_no||||||||||colbreak_no|||||||||\u00a0\u00bb][vc_column_inner reduce_extra_padding=\u00a0\u00bb991&Prime; css=\u00a0\u00bb.vc_custom_1604658969212{padding-top: 10px !important;padding-right: 20px !important;padding-bottom: 10px !important;padding-left: 20px !important;}\u00a0\u00bb]<h4 style=\"text-align:center;font-size:18px;\" class=\"cmt-custom-heading cmt-textcolor-skincolor h4 \" ><strong>15 ans d'exp\u00e9rience<\/strong><\/h4>\n[\/vc_column_inner][\/vc_row_inner][\/vc_column][vc_column reduce_extra_padding=\u00a0\u00bb991&Prime; width=\u00a0\u00bb1\/2&Prime; css=\u00a0\u00bb.vc_custom_1604658988600{padding-top: 30px !important;padding-left: 45px !important;}\u00a0\u00bb]<div class=\"cmt-element-heading-wrapper cmt-sboxheading-inner cmt-sboxelement-align-left cmt-seperator-none cmt-sboxheading-style-vertical \"><section class=\"cmt-sboxvc_cta3-container\"><div class=\"cmt-vc_general cmt-sboxvc_cta3 cmt-sboxcta3-only cmt-sboxvc_cta3-style-classic cmt-sboxvc_cta3-shape-rounded cmt-sboxvc_cta3-align-left cmt-sboxvc_cta3-color-transparent cmt-sboxvc_cta3-icon-size-md cmt-sboxvc_cta3-actions-no cmt-sboxcta3-with-desc\"><div class=\"cmt-vc_cta3_content-container\"><div class=\"cmt-vc_cta3-content\"><header class=\"cmt-vc_cta3-content-header cmt-section-wrapper \"><div class=\"cmt-sboxvc_cta3-headers cmt-section-wrapper-cell\"><h2 class=\"cmt-custom-heading \" >Des plombiers exp\u00e9riment\u00e9s pour vos installations ou r\u00e9novations<\/h2>\n<\/div><div class=\"heading-seperator\"><span><\/span><\/div><\/header><div class=\"cmt-sboxcta3-content-wrapper\"><p>Chez M. Handy, nos artisans ont plus de 15 ans d&rsquo;exp\u00e9rience dans le domaine des services de plomberie, fournissant une gamme de services professionnels \u00e0 de nombreux profils de clients dans le monde entier. Obtenez un devis gratuit et rapide pour toutes les t\u00e2ches de tuyauterie et de bricolage. Faites appel \u00e0 notre \u00e9quipe est form\u00e9e et exp\u00e9riment\u00e9e pour obtenir le meilleur service possible.<\/p><\/div><\/div><\/div><\/div><\/section><\/div> <!-- .cmt-element-heading-wrapper container --> [vc_column_text css=\u00a0\u00bb.vc_custom_1655214506703{margin-bottom: 18px !important;}\u00a0\u00bb]<\/p>\n<blockquote><p>Nos services d&rsquo;assistance sont assur\u00e9s par des professionnels exp\u00e9riment\u00e9s et tr\u00e8s bien not\u00e9s par les clients.<\/p><\/blockquote>\n<p>[\/vc_column_text][vc_row_inner el_class=\u00a0\u00bbcmt-column-inline\u00a0\u00bb][vc_column_inner width=\u00a0\u00bb1\/2&Prime;]<ul class=\"cmt-list cmt-list-style-icon cmt-list-icon-color-black cmt-sbox cmt-sboxicon-black cmt-list-textsize- cmt-list-icon-library-themify\"><li><i class=\"cmt-black themifyicon ti-check\"><\/i>  <span class=\"cmt-list-li-content\">Equipe exp\u00e9riment\u00e9e\n<\/span><\/li><li><i class=\"cmt-black themifyicon ti-check\"><\/i>  <span class=\"cmt-list-li-content\">Service tout en un<\/span><\/li><\/ul>[\/vc_column_inner][vc_column_inner width=\u00a0\u00bb1\/2&Prime;]<ul class=\"cmt-list cmt-list-style-icon cmt-list-icon-color-black cmt-sbox cmt-sboxicon-black cmt-list-textsize- cmt-list-icon-library-themify\"><li><i class=\"cmt-black themifyicon ti-check\"><\/i>  <span class=\"cmt-list-li-content\">Transparence\n<\/span><\/li><li><i class=\"cmt-black themifyicon ti-check\"><\/i>  <span class=\"cmt-list-li-content\">Ordre de prix avant l'intervention<\/span><\/li><\/ul>[\/vc_column_inner][\/vc_row_inner][vc_row_inner css=\u00a0\u00bb.vc_custom_1603345791702{padding-top: 18px !important;}\u00a0\u00bb][vc_column_inner]\n\t\t<div class=\"cmt-vc_btn3-container cmt-vc_btn3-center\"><a class=\"cmt-vc_general cmt-vc_btn3 cmt-vc_btn3-size-md cmt-vc_btn3-shape-rounded cmt-vc_btn3-style-outline cmt-vc_btn3-weight-no cmt-vc_btn3-view-style-none cmt-vc_btn3-color-skincolor\" href=\"https:\/\/mrhandy.cymolthemes.com\/plumber\/services-1\/\" title=\"\">Devis en ligne<\/a><\/div>[\/vc_column_inner][\/vc_row_inner][\/vc_column][\/vc_row]<\/p>\n","protected":false},"excerpt":{"rendered":"<p>[vc_row cmt_bgimagefixed=\u00a0\u00bb\u00a0\u00bb full_width=\u00a0\u00bbstretch_row\u00a0\u00bb css=\u00a0\u00bb.vc_custom_1606129337771{padding-top: 72px !important;padding-bottom: 19px !important;}\u00a0\u00bb cmt_responsive_css=\u00a0\u00bb46586298|colbreak_no|||||||||colbreak_no|||||50px||||colbreak_no||||||||||colbreak_no|||||||||\u00a0\u00bb][vc_column][vc_tta_tabs style=\u00a0\u00bbflat\u00a0\u00bb shape=\u00a0\u00bbrounded\u00a0\u00bb spacing=\u00a0\u00bb25&Prime; gap=\u00a0\u00bb35&Prime; alignment=\u00a0\u00bbcenter\u00a0\u00bb active_section=\u00a0\u00bb2&Prime; css=\u00a0\u00bb.vc_custom_1605250305972{padding-top: 15px !important;}\u00a0\u00bb el_class=\u00a0\u00bbcmt-tab-text-white\u00a0\u00bb][vc_tta_section i_icon_cmt_mrhandy=\u00a0\u00bbcmt_mrhandy flaticon-roll\u00a0\u00bb add_icon=\u00a0\u00bbtrue\u00a0\u00bb title=\u00a0\u00bbChauffage\u00a0\u00bb tab_id=\u00a0\u00bb1602146438950-ec3ec57f-8214&Prime;][vc_column_text]L\u2019installation d\u2019un chauffage central se d\u00e9compose en 3 composants principaux : le\u00a0syst\u00e8me de chauffage, le\u00a0circuit de distribution\u00a0et les\u00a0appareils de chauffage. L\u2019ensemble des composants forme un circuit ferm\u00e9 qui chauffe toutes les pi\u00e8ces &hellip; <a href=\"https:\/\/rennovcanalisation.fr\/?page_id=598\" class=\"more-link\">Continue reading <span class=\"screen-reader-text\">Plomberie g\u00e9n\u00e9rale<\/span><\/a><\/p>\n","protected":false},"author":1,"featured_media":0,"parent":0,"menu_order":0,"comment_status":"closed","ping_status":"closed","template":"","meta":{"footnotes":""},"class_list":["post-598","page","type-page","status-publish","hentry"],"yoast_head":"<!-- This site is optimized with the Yoast SEO plugin v19.0 - https:\/\/yoast.com\/wordpress\/plugins\/seo\/ -->\n<title>Plomberie g\u00e9n\u00e9rale services<\/title>\n<meta name=\"description\" content=\"La plomberie g\u00e9n\u00e9rale regroupe plusieurs services : chauffage, robinetterie, installation de toilettes, de salle de bain et \u00e9vacuation\" \/>\n<meta name=\"robots\" content=\"index, follow, max-snippet:-1, max-image-preview:large, max-video-preview:-1\" \/>\n<link rel=\"canonical\" href=\"https:\/\/rennovcanalisation.fr\/?page_id=598\" \/>\n<meta property=\"og:locale\" content=\"fr_FR\" \/>\n<meta property=\"og:type\" content=\"article\" \/>\n<meta property=\"og:title\" content=\"Plomberie g\u00e9n\u00e9rale services\" \/>\n<meta property=\"og:description\" content=\"La plomberie g\u00e9n\u00e9rale regroupe plusieurs services : chauffage, robinetterie, installation de toilettes, de salle de bain et \u00e9vacuation\" \/>\n<meta property=\"og:url\" content=\"https:\/\/rennovcanalisation.fr\/?page_id=598\" \/>\n<meta property=\"og:site_name\" content=\"Rennov Canalisations\" \/>\n<meta property=\"article:modified_time\" content=\"2022-06-14T14:47:06+00:00\" \/>\n<meta name=\"twitter:card\" content=\"summary_large_image\" \/>\n<meta name=\"twitter:label1\" content=\"Dur\u00e9e de lecture estim\u00e9e\" \/>\n\t<meta name=\"twitter:data1\" content=\"3 minutes\" \/>\n<script type=\"application\/ld+json\" class=\"yoast-schema-graph\">{\"@context\":\"https:\/\/schema.org\",\"@graph\":[{\"@type\":\"WebSite\",\"@id\":\"https:\/\/rennovcanalisation.fr\/#website\",\"url\":\"https:\/\/rennovcanalisation.fr\/\",\"name\":\"Rennov Canalisations\",\"description\":\"Un site utilisant WordPress\",\"potentialAction\":[{\"@type\":\"SearchAction\",\"target\":{\"@type\":\"EntryPoint\",\"urlTemplate\":\"https:\/\/rennovcanalisation.fr\/?s={search_term_string}\"},\"query-input\":\"required name=search_term_string\"}],\"inLanguage\":\"fr-FR\"},{\"@type\":\"WebPage\",\"@id\":\"https:\/\/rennovcanalisation.fr\/?page_id=598#webpage\",\"url\":\"https:\/\/rennovcanalisation.fr\/?page_id=598\",\"name\":\"Plomberie g\u00e9n\u00e9rale services\",\"isPartOf\":{\"@id\":\"https:\/\/rennovcanalisation.fr\/#website\"},\"datePublished\":\"2020-10-22T05:34:03+00:00\",\"dateModified\":\"2022-06-14T14:47:06+00:00\",\"description\":\"La plomberie g\u00e9n\u00e9rale regroupe plusieurs services : chauffage, robinetterie, installation de toilettes, de salle de bain et \u00e9vacuation\",\"breadcrumb\":{\"@id\":\"https:\/\/rennovcanalisation.fr\/?page_id=598#breadcrumb\"},\"inLanguage\":\"fr-FR\",\"potentialAction\":[{\"@type\":\"ReadAction\",\"target\":[\"https:\/\/rennovcanalisation.fr\/?page_id=598\"]}]},{\"@type\":\"BreadcrumbList\",\"@id\":\"https:\/\/rennovcanalisation.fr\/?page_id=598#breadcrumb\",\"itemListElement\":[{\"@type\":\"ListItem\",\"position\":1,\"name\":\"Accueil\",\"item\":\"https:\/\/rennovcanalisation.fr\/\"},{\"@type\":\"ListItem\",\"position\":2,\"name\":\"Plomberie g\u00e9n\u00e9rale\"}]}]}<\/script>\n<!-- \/ Yoast SEO plugin. -->","yoast_head_json":{"title":"Plomberie g\u00e9n\u00e9rale services","description":"La plomberie g\u00e9n\u00e9rale regroupe plusieurs services : chauffage, robinetterie, installation de toilettes, de salle de bain et \u00e9vacuation","robots":{"index":"index","follow":"follow","max-snippet":"max-snippet:-1","max-image-preview":"max-image-preview:large","max-video-preview":"max-video-preview:-1"},"canonical":"https:\/\/rennovcanalisation.fr\/?page_id=598","og_locale":"fr_FR","og_type":"article","og_title":"Plomberie g\u00e9n\u00e9rale services","og_description":"La plomberie g\u00e9n\u00e9rale regroupe plusieurs services : chauffage, robinetterie, installation de toilettes, de salle de bain et \u00e9vacuation","og_url":"https:\/\/rennovcanalisation.fr\/?page_id=598","og_site_name":"Rennov Canalisations","article_modified_time":"2022-06-14T14:47:06+00:00","twitter_card":"summary_large_image","twitter_misc":{"Dur\u00e9e de lecture estim\u00e9e":"3 minutes"},"schema":{"@context":"https:\/\/schema.org","@graph":[{"@type":"WebSite","@id":"https:\/\/rennovcanalisation.fr\/#website","url":"https:\/\/rennovcanalisation.fr\/","name":"Rennov Canalisations","description":"Un site utilisant WordPress","potentialAction":[{"@type":"SearchAction","target":{"@type":"EntryPoint","urlTemplate":"https:\/\/rennovcanalisation.fr\/?s={search_term_string}"},"query-input":"required name=search_term_string"}],"inLanguage":"fr-FR"},{"@type":"WebPage","@id":"https:\/\/rennovcanalisation.fr\/?page_id=598#webpage","url":"https:\/\/rennovcanalisation.fr\/?page_id=598","name":"Plomberie g\u00e9n\u00e9rale services","isPartOf":{"@id":"https:\/\/rennovcanalisation.fr\/#website"},"datePublished":"2020-10-22T05:34:03+00:00","dateModified":"2022-06-14T14:47:06+00:00","description":"La plomberie g\u00e9n\u00e9rale regroupe plusieurs services : chauffage, robinetterie, installation de toilettes, de salle de bain et \u00e9vacuation","breadcrumb":{"@id":"https:\/\/rennovcanalisation.fr\/?page_id=598#breadcrumb"},"inLanguage":"fr-FR","potentialAction":[{"@type":"ReadAction","target":["https:\/\/rennovcanalisation.fr\/?page_id=598"]}]},{"@type":"BreadcrumbList","@id":"https:\/\/rennovcanalisation.fr\/?page_id=598#breadcrumb","itemListElement":[{"@type":"ListItem","position":1,"name":"Accueil","item":"https:\/\/rennovcanalisation.fr\/"},{"@type":"ListItem","position":2,"name":"Plomberie g\u00e9n\u00e9rale"}]}]}},"_links":{"self":[{"href":"https:\/\/rennovcanalisation.fr\/index.php?rest_route=\/wp\/v2\/pages\/598","targetHints":{"allow":["GET"]}}],"collection":[{"href":"https:\/\/rennovcanalisation.fr\/index.php?rest_route=\/wp\/v2\/pages"}],"about":[{"href":"https:\/\/rennovcanalisation.fr\/index.php?rest_route=\/wp\/v2\/types\/page"}],"author":[{"embeddable":true,"href":"https:\/\/rennovcanalisation.fr\/index.php?rest_route=\/wp\/v2\/users\/1"}],"replies":[{"embeddable":true,"href":"https:\/\/rennovcanalisation.fr\/index.php?rest_route=%2Fwp%2Fv2%2Fcomments&post=598"}],"version-history":[{"count":11,"href":"https:\/\/rennovcanalisation.fr\/index.php?rest_route=\/wp\/v2\/pages\/598\/revisions"}],"predecessor-version":[{"id":1574,"href":"https:\/\/rennovcanalisation.fr\/index.php?rest_route=\/wp\/v2\/pages\/598\/revisions\/1574"}],"wp:attachment":[{"href":"https:\/\/rennovcanalisation.fr\/index.php?rest_route=%2Fwp%2Fv2%2Fmedia&parent=598"}],"curies":[{"name":"wp","href":"https:\/\/api.w.org\/{rel}","templated":true}]}}